{"id":1456,"date":"2023-05-17T17:26:49","date_gmt":"2023-05-17T15:21:26","guid":{"rendered":"https:\/\/wp.ndrc-marseille.fr\/inspireandco2\/?page_id=1456"},"modified":"2023-05-31T09:40:24","modified_gmt":"2023-05-31T07:40:24","slug":"atelier","status":"publish","type":"page","link":"https:\/\/wp.ndrc-marseille.fr\/inspireandco2\/index.php\/atelier\/","title":{"rendered":"Atelier"},"content":{"rendered":"\t\t<div data-elementor-type=\"wp-page\" data-elementor-id=\"1456\" class=\"elementor elementor-1456\">\n\t\t\t\t\t\t\t\t\t<section class=\"elementor-section elementor-top-section elementor-element elementor-element-2f4ebea elementor-section-boxed elementor-section-height-default elementor-section-height-default\" data-id=\"2f4ebea\" data-element_type=\"section\">\n\t\t\t\t\t\t<div class=\"elementor-container elementor-column-gap-default\">\n\t\t\t\t\t<div class=\"elementor-column elementor-col-100 elementor-top-column elementor-element elementor-element-8311d7d\" data-id=\"8311d7d\" data-element_type=\"column\">\n\t\t\t<div class=\"elementor-widget-wrap elementor-element-populated\">\n\t\t\t\t\t\t\t\t<div class=\"elementor-element elementor-element-9d9045d elementor-widget elementor-widget-heading\" data-id=\"9d9045d\" data-element_type=\"widget\" data-widget_type=\"heading.default\">\n\t\t\t\t<div class=\"elementor-widget-container\">\n\t\t\t<style>\/*! elementor - v3.12.1 - 02-04-2023 *\/\n.elementor-heading-title{padding:0;margin:0;line-height:1}.elementor-widget-heading .elementor-heading-title[class*=elementor-size-]>a{color:inherit;font-size:inherit;line-height:inherit}.elementor-widget-heading .elementor-heading-title.elementor-size-small{font-size:15px}.elementor-widget-heading .elementor-heading-title.elementor-size-medium{font-size:19px}.elementor-widget-heading .elementor-heading-title.elementor-size-large{font-size:29px}.elementor-widget-heading .elementor-heading-title.elementor-size-xl{font-size:39px}.elementor-widget-heading .elementor-heading-title.elementor-size-xxl{font-size:59px}<\/style><h2 class=\"elementor-heading-title elementor-size-default\">Atelier<\/h2>\t\t<\/div>\n\t\t\t\t<\/div>\n\t\t\t\t\t<\/div>\n\t\t<\/div>\n\t\t\t\t\t\t\t<\/div>\n\t\t<\/section>\n\t\t\t\t<section class=\"elementor-section elementor-top-section elementor-element elementor-element-cad0d9b elementor-section-boxed elementor-section-height-default elementor-section-height-default\" data-id=\"cad0d9b\" data-element_type=\"section\">\n\t\t\t\t\t\t<div class=\"elementor-container elementor-column-gap-default\">\n\t\t\t\t\t<div class=\"elementor-column elementor-col-100 elementor-top-column elementor-element elementor-element-be4d7d3\" data-id=\"be4d7d3\" data-element_type=\"column\">\n\t\t\t<div class=\"elementor-widget-wrap elementor-element-populated\">\n\t\t\t\t\t\t\t\t<div class=\"elementor-element elementor-element-ebaf2fe elementor-widget elementor-widget-spacer\" data-id=\"ebaf2fe\" data-element_type=\"widget\" data-widget_type=\"spacer.default\">\n\t\t\t\t<div class=\"elementor-widget-container\">\n\t\t\t<style>\/*! elementor - v3.12.1 - 02-04-2023 *\/\n.elementor-column .elementor-spacer-inner{height:var(--spacer-size)}.e-con{--container-widget-width:100%}.e-con-inner>.elementor-widget-spacer,.e-con>.elementor-widget-spacer{width:var(--container-widget-width,var(--spacer-size));--align-self:var(--container-widget-align-self,initial);--flex-shrink:0}.e-con-inner>.elementor-widget-spacer>.elementor-widget-container,.e-con-inner>.elementor-widget-spacer>.elementor-widget-container>.elementor-spacer,.e-con>.elementor-widget-spacer>.elementor-widget-container,.e-con>.elementor-widget-spacer>.elementor-widget-container>.elementor-spacer{height:100%}.e-con-inner>.elementor-widget-spacer>.elementor-widget-container>.elementor-spacer>.elementor-spacer-inner,.e-con>.elementor-widget-spacer>.elementor-widget-container>.elementor-spacer>.elementor-spacer-inner{height:var(--container-widget-height,var(--spacer-size))}<\/style>\t\t<div class=\"elementor-spacer\">\n\t\t\t<div class=\"elementor-spacer-inner\"><\/div>\n\t\t<\/div>\n\t\t\t\t<\/div>\n\t\t\t\t<\/div>\n\t\t\t\t\t<\/div>\n\t\t<\/div>\n\t\t\t\t\t\t\t<\/div>\n\t\t<\/section>\n\t\t\t\t<section class=\"elementor-section elementor-top-section elementor-element elementor-element-54c4464 elementor-section-boxed elementor-section-height-default elementor-section-height-default\" data-id=\"54c4464\" data-element_type=\"section\">\n\t\t\t\t\t\t<div class=\"elementor-container elementor-column-gap-default\">\n\t\t\t\t\t<div class=\"elementor-column elementor-col-100 elementor-top-column elementor-element elementor-element-c4741d5\" data-id=\"c4741d5\" data-element_type=\"column\">\n\t\t\t<div class=\"elementor-widget-wrap elementor-element-populated\">\n\t\t\t\t\t\t\t\t<div class=\"elementor-element elementor-element-dc5544b elementor-widget elementor-widget-text-editor\" data-id=\"dc5544b\" data-element_type=\"widget\" data-widget_type=\"text-editor.default\">\n\t\t\t\t<div class=\"elementor-widget-container\">\n\t\t\t<style>\/*! elementor - v3.12.1 - 02-04-2023 *\/\n.elementor-widget-text-editor.elementor-drop-cap-view-stacked .elementor-drop-cap{background-color:#69727d;color:#fff}.elementor-widget-text-editor.elementor-drop-cap-view-framed .elementor-drop-cap{color:#69727d;border:3px solid;background-color:transparent}.elementor-widget-text-editor:not(.elementor-drop-cap-view-default) .elementor-drop-cap{margin-top:8px}.elementor-widget-text-editor:not(.elementor-drop-cap-view-default) .elementor-drop-cap-letter{width:1em;height:1em}.elementor-widget-text-editor .elementor-drop-cap{float:left;text-align:center;line-height:1;font-size:50px}.elementor-widget-text-editor .elementor-drop-cap-letter{display:inline-block}<\/style>\t\t\t\t<div class=\"flex flex-grow flex-col gap-3\"><div class=\"min-h-[20px] flex flex-col items-start gap-4 whitespace-pre-wrap break-words\"><div class=\"markdown prose w-full break-words dark:prose-invert light\"><p>Un atelier de rempotage pour les enfants est une excellente mani\u00e8re d&#8217;introduire les jeunes \u00e0 la botanique et aux joies du jardinage. Lors de ces ateliers, les enfants apprennent \u00e0 transf\u00e9rer les plantes d&#8217;un pot \u00e0 un autre, un processus qui leur enseigne la responsabilit\u00e9 et le soin des \u00eatres vivants. Ils apprennent aussi \u00e0 manipuler diff\u00e9rents outils de jardinage, \u00e0 comprendre les besoins sp\u00e9cifiques des plantes et \u00e0 d\u00e9couvrir l&#8217;importance du sol, de l&#8217;eau et de la lumi\u00e8re pour la croissance des plantes.<\/p><p>Un tel atelier peut commencer par une petite introduction th\u00e9orique, suivie par une d\u00e9monstration de rempotage par l&#8217;instructeur. Ensuite, chaque enfant re\u00e7oit une plante, un nouveau pot, de la terre, et peut commencer \u00e0 rempoter sous la supervision de l&#8217;instructeur. C&#8217;est une activit\u00e9 \u00e0 la fois \u00e9ducative et ludique qui encourage le respect de la nature et peut susciter une passion pour le jardinage chez les enfants.<\/p><\/div><\/div><\/div><p>\u00a0<\/p>\t\t\t\t\t\t<\/div>\n\t\t\t\t<\/div>\n\t\t\t\t\t<\/div>\n\t\t<\/div>\n\t\t\t\t\t\t\t<\/div>\n\t\t<\/section>\n\t\t\t\t<section class=\"elementor-section elementor-top-section elementor-element elementor-element-4a2126c elementor-section-boxed elementor-section-height-default elementor-section-height-default\" data-id=\"4a2126c\" data-element_type=\"section\">\n\t\t\t\t\t\t<div class=\"elementor-container elementor-column-gap-default\">\n\t\t\t\t\t<div class=\"elementor-column elementor-col-100 elementor-top-column elementor-element elementor-element-ee6c84f\" data-id=\"ee6c84f\" data-element_type=\"column\">\n\t\t\t<div class=\"elementor-widget-wrap elementor-element-populated\">\n\t\t\t\t\t\t\t\t<div class=\"elementor-element elementor-element-c43e291 elementor-widget elementor-widget-image\" data-id=\"c43e291\" data-element_type=\"widget\" data-widget_type=\"image.default\">\n\t\t\t\t<div class=\"elementor-widget-container\">\n\t\t\t<style>\/*! elementor - v3.12.1 - 02-04-2023 *\/\n.elementor-widget-image{text-align:center}.elementor-widget-image a{display:inline-block}.elementor-widget-image a img[src$=\".svg\"]{width:48px}.elementor-widget-image img{vertical-align:middle;display:inline-block}<\/style>\t\t\t\t\t\t\t\t\t\t\t\t<img loading=\"lazy\" decoding=\"async\" width=\"862\" height=\"646\" src=\"https:\/\/wp.ndrc-marseille.fr\/inspireandco2\/wp-content\/uploads\/2023\/04\/ATELIERS.png\" class=\"attachment-large size-large wp-image-1384\" alt=\"\" srcset=\"https:\/\/wp.ndrc-marseille.fr\/inspireandco2\/wp-content\/uploads\/2023\/04\/ATELIERS.png 862w, https:\/\/wp.ndrc-marseille.fr\/inspireandco2\/wp-content\/uploads\/2023\/04\/ATELIERS-300x225.png 300w, https:\/\/wp.ndrc-marseille.fr\/inspireandco2\/wp-content\/uploads\/2023\/04\/ATELIERS-768x576.png 768w, https:\/\/wp.ndrc-marseille.fr\/inspireandco2\/wp-content\/uploads\/2023\/04\/ATELIERS-600x450.png 600w\" sizes=\"auto, (max-width: 862px) 100vw, 862px\" \/>\t\t\t\t\t\t\t\t\t\t\t\t\t\t\t<\/div>\n\t\t\t\t<\/div>\n\t\t\t\t\t<\/div>\n\t\t<\/div>\n\t\t\t\t\t\t\t<\/div>\n\t\t<\/section>\n\t\t\t\t\t\t\t<\/div>\n\t\t","protected":false},"excerpt":{"rendered":"<p>Atelier Un atelier de rempotage pour les enfants est une excellente mani\u00e8re d&#8217;introduire les jeunes \u00e0 la botanique et aux joies du jardinage. Lors de ces ateliers, les enfants apprennent \u00e0 transf\u00e9rer les plantes d&#8217;un pot \u00e0 un autre, un processus qui leur enseigne la responsabilit\u00e9 et le soin des \u00eatres vivants. Ils apprennent aussi &hellip;<\/p>\n<p class=\"read-more\"> <a class=\"\" href=\"https:\/\/wp.ndrc-marseille.fr\/inspireandco2\/index.php\/atelier\/\"> <span class=\"screen-reader-text\">Atelier<\/span> Lire la suite\u00a0\u00bb<\/a><\/p>\n","protected":false},"author":2,"featured_media":0,"parent":0,"menu_order":0,"comment_status":"closed","ping_status":"closed","template":"","meta":{"site-sidebar-layout":"no-sidebar","site-content-layout":"page-builder","ast-global-header-display":"","ast-main-header-display":"","ast-hfb-above-header-display":"","ast-hfb-below-header-display":"","ast-hfb-mobile-header-display":"","site-post-title":"disabled","ast-breadcrumbs-content":"","ast-featured-img":"disabled","footer-sml-layout":"","theme-transparent-header-meta":"","adv-header-id-meta":"","stick-header-meta":"","header-above-stick-meta":"","header-main-stick-meta":"","header-below-stick-meta":"","footnotes":""},"class_list":["post-1456","page","type-page","status-publish","hentry"],"yoast_head":"<!-- This site is optimized with the Yoast SEO plugin v20.8 - https:\/\/yoast.com\/wordpress\/plugins\/seo\/ -->\n<title>Atelier - Racine l&#039;atelier v\u00e9g\u00e9tal<\/title>\n<meta name=\"robots\" content=\"index, follow, max-snippet:-1, max-image-preview:large, max-video-preview:-1\" \/>\n<link rel=\"canonical\" href=\"https:\/\/wp.ndrc-marseille.fr\/inspireandco2\/index.php\/atelier\/\" \/>\n<meta property=\"og:locale\" content=\"fr_FR\" \/>\n<meta property=\"og:type\" content=\"article\" \/>\n<meta property=\"og:title\" content=\"Atelier - Racine l&#039;atelier v\u00e9g\u00e9tal\" \/>\n<meta property=\"og:description\" content=\"Atelier Un atelier de rempotage pour les enfants est une excellente mani\u00e8re d&#8217;introduire les jeunes \u00e0 la botanique et aux joies du jardinage. Lors de ces ateliers, les enfants apprennent \u00e0 transf\u00e9rer les plantes d&#8217;un pot \u00e0 un autre, un processus qui leur enseigne la responsabilit\u00e9 et le soin des \u00eatres vivants. Ils apprennent aussi &hellip; Atelier Lire la suite\u00a0\u00bb\" \/>\n<meta property=\"og:url\" content=\"https:\/\/wp.ndrc-marseille.fr\/inspireandco2\/index.php\/atelier\/\" \/>\n<meta property=\"og:site_name\" content=\"Racine l&#039;atelier v\u00e9g\u00e9tal\" \/>\n<meta property=\"article:modified_time\" content=\"2023-05-31T07:40:24+00:00\" \/>\n<meta property=\"og:image\" content=\"https:\/\/wp.ndrc-marseille.fr\/inspireandco2\/wp-content\/uploads\/2023\/04\/ATELIERS.png\" \/>\n<meta name=\"twitter:card\" content=\"summary_large_image\" \/>\n<meta name=\"twitter:label1\" content=\"Dur\u00e9e de lecture estim\u00e9e\" \/>\n\t<meta name=\"twitter:data1\" content=\"1 minute\" \/>\n<script type=\"application\/ld+json\" class=\"yoast-schema-graph\">{\"@context\":\"https:\/\/schema.org\",\"@graph\":[{\"@type\":\"WebPage\",\"@id\":\"https:\/\/wp.ndrc-marseille.fr\/inspireandco2\/index.php\/atelier\/\",\"url\":\"https:\/\/wp.ndrc-marseille.fr\/inspireandco2\/index.php\/atelier\/\",\"name\":\"Atelier - Racine l&#039;atelier v\u00e9g\u00e9tal\",\"isPartOf\":{\"@id\":\"https:\/\/wp.ndrc-marseille.fr\/inspireandco2\/#website\"},\"datePublished\":\"2023-05-17T15:21:26+00:00\",\"dateModified\":\"2023-05-31T07:40:24+00:00\",\"breadcrumb\":{\"@id\":\"https:\/\/wp.ndrc-marseille.fr\/inspireandco2\/index.php\/atelier\/#breadcrumb\"},\"inLanguage\":\"fr-FR\",\"potentialAction\":[{\"@type\":\"ReadAction\",\"target\":[\"https:\/\/wp.ndrc-marseille.fr\/inspireandco2\/index.php\/atelier\/\"]}]},{\"@type\":\"BreadcrumbList\",\"@id\":\"https:\/\/wp.ndrc-marseille.fr\/inspireandco2\/index.php\/atelier\/#breadcrumb\",\"itemListElement\":[{\"@type\":\"ListItem\",\"position\":1,\"name\":\"Accueil\",\"item\":\"https:\/\/wp.ndrc-marseille.fr\/inspireandco2\/\"},{\"@type\":\"ListItem\",\"position\":2,\"name\":\"Atelier\"}]},{\"@type\":\"WebSite\",\"@id\":\"https:\/\/wp.ndrc-marseille.fr\/inspireandco2\/#website\",\"url\":\"https:\/\/wp.ndrc-marseille.fr\/inspireandco2\/\",\"name\":\"Racine l&#039;atelier v\u00e9g\u00e9tal\",\"description\":\"\",\"potentialAction\":[{\"@type\":\"SearchAction\",\"target\":{\"@type\":\"EntryPoint\",\"urlTemplate\":\"https:\/\/wp.ndrc-marseille.fr\/inspireandco2\/?s={search_term_string}\"},\"query-input\":\"required name=search_term_string\"}],\"inLanguage\":\"fr-FR\"}]}<\/script>\n<!-- \/ Yoast SEO plugin. -->","yoast_head_json":{"title":"Atelier - Racine l&#039;atelier v\u00e9g\u00e9tal","robots":{"index":"index","follow":"follow","max-snippet":"max-snippet:-1","max-image-preview":"max-image-preview:large","max-video-preview":"max-video-preview:-1"},"canonical":"https:\/\/wp.ndrc-marseille.fr\/inspireandco2\/index.php\/atelier\/","og_locale":"fr_FR","og_type":"article","og_title":"Atelier - Racine l&#039;atelier v\u00e9g\u00e9tal","og_description":"Atelier Un atelier de rempotage pour les enfants est une excellente mani\u00e8re d&#8217;introduire les jeunes \u00e0 la botanique et aux joies du jardinage. Lors de ces ateliers, les enfants apprennent \u00e0 transf\u00e9rer les plantes d&#8217;un pot \u00e0 un autre, un processus qui leur enseigne la responsabilit\u00e9 et le soin des \u00eatres vivants. Ils apprennent aussi &hellip; Atelier Lire la suite\u00a0\u00bb","og_url":"https:\/\/wp.ndrc-marseille.fr\/inspireandco2\/index.php\/atelier\/","og_site_name":"Racine l&#039;atelier v\u00e9g\u00e9tal","article_modified_time":"2023-05-31T07:40:24+00:00","og_image":[{"url":"https:\/\/wp.ndrc-marseille.fr\/inspireandco2\/wp-content\/uploads\/2023\/04\/ATELIERS.png"}],"twitter_card":"summary_large_image","twitter_misc":{"Dur\u00e9e de lecture estim\u00e9e":"1 minute"},"schema":{"@context":"https:\/\/schema.org","@graph":[{"@type":"WebPage","@id":"https:\/\/wp.ndrc-marseille.fr\/inspireandco2\/index.php\/atelier\/","url":"https:\/\/wp.ndrc-marseille.fr\/inspireandco2\/index.php\/atelier\/","name":"Atelier - Racine l&#039;atelier v\u00e9g\u00e9tal","isPartOf":{"@id":"https:\/\/wp.ndrc-marseille.fr\/inspireandco2\/#website"},"datePublished":"2023-05-17T15:21:26+00:00","dateModified":"2023-05-31T07:40:24+00:00","breadcrumb":{"@id":"https:\/\/wp.ndrc-marseille.fr\/inspireandco2\/index.php\/atelier\/#breadcrumb"},"inLanguage":"fr-FR","potentialAction":[{"@type":"ReadAction","target":["https:\/\/wp.ndrc-marseille.fr\/inspireandco2\/index.php\/atelier\/"]}]},{"@type":"BreadcrumbList","@id":"https:\/\/wp.ndrc-marseille.fr\/inspireandco2\/index.php\/atelier\/#breadcrumb","itemListElement":[{"@type":"ListItem","position":1,"name":"Accueil","item":"https:\/\/wp.ndrc-marseille.fr\/inspireandco2\/"},{"@type":"ListItem","position":2,"name":"Atelier"}]},{"@type":"WebSite","@id":"https:\/\/wp.ndrc-marseille.fr\/inspireandco2\/#website","url":"https:\/\/wp.ndrc-marseille.fr\/inspireandco2\/","name":"Racine l&#039;atelier v\u00e9g\u00e9tal","description":"","potentialAction":[{"@type":"SearchAction","target":{"@type":"EntryPoint","urlTemplate":"https:\/\/wp.ndrc-marseille.fr\/inspireandco2\/?s={search_term_string}"},"query-input":"required name=search_term_string"}],"inLanguage":"fr-FR"}]}},"_links":{"self":[{"href":"https:\/\/wp.ndrc-marseille.fr\/inspireandco2\/index.php\/wp-json\/wp\/v2\/pages\/1456","targetHints":{"allow":["GET"]}}],"collection":[{"href":"https:\/\/wp.ndrc-marseille.fr\/inspireandco2\/index.php\/wp-json\/wp\/v2\/pages"}],"about":[{"href":"https:\/\/wp.ndrc-marseille.fr\/inspireandco2\/index.php\/wp-json\/wp\/v2\/types\/page"}],"author":[{"embeddable":true,"href":"https:\/\/wp.ndrc-marseille.fr\/inspireandco2\/index.php\/wp-json\/wp\/v2\/users\/2"}],"replies":[{"embeddable":true,"href":"https:\/\/wp.ndrc-marseille.fr\/inspireandco2\/index.php\/wp-json\/wp\/v2\/comments?post=1456"}],"version-history":[{"count":7,"href":"https:\/\/wp.ndrc-marseille.fr\/inspireandco2\/index.php\/wp-json\/wp\/v2\/pages\/1456\/revisions"}],"predecessor-version":[{"id":1537,"href":"https:\/\/wp.ndrc-marseille.fr\/inspireandco2\/index.php\/wp-json\/wp\/v2\/pages\/1456\/revisions\/1537"}],"wp:attachment":[{"href":"https:\/\/wp.ndrc-marseille.fr\/inspireandco2\/index.php\/wp-json\/wp\/v2\/media?parent=1456"}],"curies":[{"name":"wp","href":"https:\/\/api.w.org\/{rel}","templated":true}]}}